{"id":7184,"date":"2025-06-23T13:10:47","date_gmt":"2025-06-23T11:10:47","guid":{"rendered":"https:\/\/www.pgkart.com\/?post_type=progetti&#038;p=7184"},"modified":"2025-06-23T13:26:17","modified_gmt":"2025-06-23T11:26:17","slug":"box-98","status":"publish","type":"progetti","link":"https:\/\/www.pgkart.com\/fr\/projets\/box-98\/","title":{"rendered":"BOX 98"},"content":{"rendered":"\n<p>PGK ne cesse de vous surprendre\u2026 et de s\u2019\u00e9tonner !<\/p>\n\n<p>Cette ann\u00e9e, nous avons r\u00e9alis\u00e9 au c\u0153ur de Monte-Carlo une piste de karting 100 % \u00e9lectrique, 100 % durable et 100 % adr\u00e9naline : 400 m\u00e8tres de pur plaisir pour tous, des pilotes chevronn\u00e9s aux plus jeunes.<\/p>\n\n<p>Virages \u00e0 couper le souffle, design innovant \u00e0 plusieurs niveaux, technologie de pointe\u2026 ce circuit promet une exp\u00e9rience de conduite inoubliable!<\/p>\n\n<p>PGK Design a sign\u00e9 un projet sur mesure alliant adr\u00e9naline, s\u00e9curit\u00e9 et respect de l&rsquo;environnement, comme nous aimons le faire.<\/p>\n\n<p>Venez l&rsquo;essayer et vous sentir, l&rsquo;espace d&rsquo;un instant, dans la peau d&rsquo;un vrai pilote de Formule 1 au c\u0153ur de Monte-Carlo!<\/p>\n","protected":false},"author":2,"featured_media":7170,"menu_order":0,"template":"","class_list":["post-7184","progetti","type-progetti","status-publish","has-post-thumbnail","hentry"],"_links":{"self":[{"href":"https:\/\/www.pgkart.com\/fr\/wp-json\/wp\/v2\/progetti\/7184","targetHints":{"allow":["GET"]}}],"collection":[{"href":"https:\/\/www.pgkart.com\/fr\/wp-json\/wp\/v2\/progetti"}],"about":[{"href":"https:\/\/www.pgkart.com\/fr\/wp-json\/wp\/v2\/types\/progetti"}],"author":[{"embeddable":true,"href":"https:\/\/www.pgkart.com\/fr\/wp-json\/wp\/v2\/users\/2"}],"wp:featuredmedia":[{"embeddable":true,"href":"https:\/\/www.pgkart.com\/fr\/wp-json\/wp\/v2\/media\/7170"}],"wp:attachment":[{"href":"https:\/\/www.pgkart.com\/fr\/wp-json\/wp\/v2\/media?parent=7184"}],"curies":[{"name":"wp","href":"https:\/\/api.w.org\/{rel}","templated":true}]}}

<p>PGK ne cesse de vous surprendre… et de s’étonner !</p>

<p>Cette année, nous avons réalisé au cœur de Monte-Carlo une piste de karting 100 % électrique, 100 % durable et 100 % adrénaline : 400 mètres de pur plaisir pour tous, des pilotes chevronnés aux plus jeunes.</p>

<p>Virages à couper le souffle, design innovant à plusieurs niveaux, technologie de pointe… ce circuit promet une expérience de conduite inoubliable!</p>

<p>PGK Design a signé un projet sur mesure alliant adrénaline, sécurité et respect de l&rsquo;environnement, comme nous aimons le faire.</p>

<p>Venez l&rsquo;essayer et vous sentir, l&rsquo;espace d&rsquo;un instant, dans la peau d&rsquo;un vrai pilote de Formule 1 au cœur de Monte-Carlo!</p>
